2*b = -2, 3265 = 5*o - 40*b + 35*b. List the prime factors of o.
2, 3, 109
Let k be (-12)/(-8)*(-8)/(-3). Suppose k*f - 555 = -51. List the prime factors of f.
2, 3, 7
Suppose 3*z - 2*u - 791 = 0, 1355 = 5*z - 0*u + 4*u. Suppose -z = -4*f + f. Suppose 11 = 5*b - f. What are the prime factors of b?
2, 5
Let h(s) = s**2 - 8*s - 30. Let o = -18 - 4. Let j = o + 35. List the prime factors of h(j).
5, 7
Let m be 11*(3 + (0 - 0) + -6). Let a = 45 - m. List the prime factors of a.
2, 3, 13
Let z = 2754 - 913. What are the prime factors of z?
7, 263
Let a(r) = 65*r - 10. Let p = -23 + 27. Let c be a(p). List the prime factors of 16/96 - c/(-12).
3, 7
Let u = -2 - -4. Suppose 5*k = 3*v + 10, -u*k + 2*v = -2*v - 4. Suppose -66 = -2*a - 3*r, k*a - 3*a - 2*r = -34. What are the prime factors of a?
2, 3, 5
Let f(m) = 5*m**2 + 17*m - 24. List the prime factors of f(10).
2, 17, 19
Suppose 6*l = 12*l - 864. List the prime factors of l.
2, 3
Let f = 84 + -67. Suppose 3*p - 142 = f. What are the prime factors of p?
53
What are the prime factors of ((-2)/(-6) + 1)*6540/40?
2, 109
Let h = -13 - -23. Suppose -h*z + 850 = -0*z. List the prime factors of z.
5, 17
Let f = -337 + 734. List the prime factors of f.
397
Let n = -104 + 99. What are the prime factors of (-1*3)/(n - (-3260)/655)?
131
Suppose 0 = 4*a - 3*m - 9 + 120, -44 = a - 4*m. Suppose 0*c = -2*c. What are the prime factors of a/8 + (c - -19)?
2
Let h(d) = -343*d - 20 + 172*d + 182*d. What are the prime factors of h(11)?
101
Let r = -7 - -5. Let t = 0 - r. Suppose -t*h + 15 = h. List the prime factors of h.
5
Let o = 1206 + -401. What are the prime factors of o?
5, 7, 23
Let o(k) = -6*k - 9. Let r be o(-2). Suppose r*g + u + 155 = 0, -5*g - 173 = u + 86. List the prime factors of (5/(-5))/(1/g).
2, 13
Let q(u) = u**2 - 12*u + 5. Let b be q(11). Let h be 16/(-6)*9/b. Suppose -g + h*g - 5*i - 23 = 0, 3*g - 19 = i. What are the prime factors of g?
2, 3
Let y(i) = -61*i**3 - 3*i**2 - 9*i - 9. List the prime factors of y(-2).
5, 97
Let r(f) = -2*f**3 + 21*f**2 + 23*f - 13. Suppose c + 58 - 69 = 0. What are the prime factors of r(c)?
7, 17
Let r = 556 - 444. What are the prime factors of r?
2, 7
Let t be 0/5*3/(-6). Let y(w) = -2*w**2 + 100. What are the prime factors of y(t)?
2, 5
Let w(d) be the first derivative of -d**3/3 - 2*d**2 + 1. Let z be w(-2). Suppose -4 = -z*v + 92. What are the prime factors of v?
2, 3
Suppose 0*i - 2*v + 602 = 2*i, 0 = 3*i - 4*v - 882. List the prime factors of i.
2, 149
Let y(d) = -10*d + 682. List the prime factors of y(-16).
2, 421
Let s = -656 + 673. Suppose r - 5*u = 12, -r + u = -0*r - 4. Let c = s + r. List the prime factors of c.
19
Suppose 31*r - 93353 + 30981 = 0. What are the prime factors of r?
2, 503
Let a(h) = -h**3 + 7*h**2 + 9*h - 3. Let z be a(8). Suppose 4*o - 4*m = 3*o + 29, -z*m = -20. Suppose 26*s = 31*s - o. List the prime factors of s.
3
Let m(a) = 9*a**3 + 7*a**2 + 5*a - 111. Let x(u) = -5*u**3 - 4*u**2 - 3*u + 56. Let g(k) = -4*m(k) - 7*x(k). What are the prime factors of g(0)?
2, 13
Let o(h) = -h**2 - 11*h + 4. Let v be o(-11). Suppose i + 444 = v*i. Suppose 4*n - 2*t - 148 = 0, 4*t - 3*t - i = -4*n. List the prime factors of n.
37
Suppose 24519 + 12525 = 27*f. What are the prime factors of f?
2, 7
Let f be (-119)/(-34) - (-2)/(-4). Suppose -j = f*j - 296. What are the prime factors of j?
2, 37
Let q = 11 + -17. List the prime factors of (8/(-10))/(q/525).
2, 5, 7
Let y(q) be the second derivative of q**6/120 + q**5/20 - 7*q**4/12 - 3*q. Let d(c) be the third derivative of y(c). List the prime factors of d(5).
2, 3
Suppose -6*w = -w - 70. Let l = -35 + w. Let j = -6 - l. List the prime factors of j.
3, 5
Let k(o) be the third derivative of -o**6/120 - 3*o**5/20 - o**4/8 + o**3/2 + 2*o**2. Let x be k(-9). Let a = x - 13. What are the prime factors of a?
17
Suppose -4*s - 88 = 100. Suppose 3*u - 3 = 0, -2*y + 266 = -6*y - 2*u. Let k = s - y. List the prime factors of k.
2, 5
Suppose -6*o + 1113 = -675. Suppose -c = f - 150, -c - f = c - o. What are the prime factors of c?
2, 37
Let x(n) = -n + 1. Let d be x(-2). Suppose u + d*z = -5, 0*z - z - 2 = 0. List the prime factors of 3 + -6 - (-6 - u).
2
List the prime factors of -2 + (3 - (-198 + 6 - -5)).
2, 47
Suppose 3*v = -7*t + 2*t + 790, 4*t = -4*v + 640. Suppose 3*w + n = 6*n + 233, 0 = -2*w + 3*n + t. List the prime factors of w.
2, 19
Let l(j) = j**2 - 5*j + 1. Let i be l(8). Suppose 2*p = 4*x + 140, -5*p = -5*x - 0*x - 335. Let z = p - i. List the prime factors of z.
3, 13
What are the prime factors of 15/((-7)/6174*-7)?
2, 3, 5, 7
Let j = -154 + 530. Suppose -4*r = -j + 20. List the prime factors of r.
89
Let l(k) = 1. Let y(j) = -j**3 - 6*j**2 - 7*j - 6. Let f = -7 - -8. Let g(w) = f*y(w) + 3*l(w). What are the prime factors of g(-5)?
7
Let m be (-5)/(-3) + -1 + (-65)/3. Let t = 236 - m. List the prime factors of t.
257
Suppose -q - 2 = -6, 5*o - 6117 = 2*q. What are the prime factors of o?
5, 7
Let y = -91 + 90. What are the prime factors of y/(-2 + 3)*-91?
7, 13
Let g(u) = 2*u + 11. Let n be g(-6). Let q(p) = 87*p**2 + p. List the prime factors of q(n).
2, 43
Let q(x) = 2*x**2 - 17*x + 30. Let m be q(10). Let w = -50 + m. What are the prime factors of w?
2, 5
Let p(j) = 196*j**2 + 11*j - 14. List the prime factors of p(4).
2, 1583
Suppose 0*h = -3*h. Let b be (h/1)/(6 + -7). Suppose -3*j + 7 + 5 = b. What are the prime factors of j?
2
Let d(k) = 28*k + 11. Let r be d(-4). Let i = 7 - r. What are the prime factors of i?
2, 3
Suppose 23*t - 19*t - 11856 = 0. What are the prime factors of t?
2, 3, 13, 19
Let s(x) be the third derivative of x**5/6 + x**4/3 + x**3/2 + 15*x**2. What are the prime factors of s(-2)?
3
List the prime factors of (-1081620)/(-160) + (-1)/8.
2, 5, 13
Let r(f) = 107*f**3 + 3*f**2 - 2. Let v be r(1). Suppose -v = -3*l + 75. List the prime factors of l.
61
Let j be -23*2/(-3 + 5). Let w = -21 - j. Suppose 2*f - 272 = -w*f. What are the prime factors of f?
2, 17
Suppose -2*k - 5*v - 233 = 0, k + 49 = 3*v - 62. Let u = 90 - k. List the prime factors of u.
2, 3, 17
Let y(x) = -x**3 - 6*x**2 - x - 4. Let o(g) = -g**3 + 2*g**2 + g. Let t be o(3). Let c be y(t). What are the prime factors of (c/(-5))/((-2)/110)?
2, 11
Suppose -3*z + 20 = -z. Suppose 5*p - 174 + 64 = 5*n, z = 2*n. What are the prime factors of p?
3
Let p(a) = -10*a + 11. Let s be (-36)/12 - (-1)/((-1)/11). List the prime factors of p(s).
151
Let t = -1004 + 2317. List the prime factors of t.
13, 101
Let l(y) = y**2 + 3*y + 1. Let u be l(-7). Suppose -2*i + 85 + 19 = 0. Let q = i - u. What are the prime factors of q?
23
Let k(j) = -924*j**3 + 3*j**2 - 4*j - 6. List the prime factors of k(-1).
5, 37
What are the prime factors of 1/(2 - 3) + 165?
2, 41
Let s be (-5)/5 - (-14 - 3). Suppose z - s = 4*b + 123, -3*z = -2*b - 407. List the prime factors of z.
3, 5
Let p(n) = n**2 - 1. Let b be p(-1). What are the prime factors of 0 + 4 + b + 38?
2, 3, 7
Let c be 5/(-10) + (-9)/6. List the prime factors of ((-1)/c)/((-8)/(-3184)).
199
Suppose -21*c + 2309 = -5545. What are the prime factors of c?
2, 11, 17
What are the prime factors of 715 - ((1 - -10) + -3)?
7, 101
Let i = 127 - 68. Suppose -2*v = -3*z - i, 4*v + v + 3*z - 179 = 0. List the prime factors of v + (12/(-4) - -1).
2
Let z(a) = -a**2 + 2*a + 2. Let w be z(0). Suppose 5*d + 8 = w*h + 27, 10 = -5*h. List the prime factors of d.
3
Let l be -1 + (-2)/((-6)/51). Suppose 0 = -4*a + t + l, 4 + 5 = 5*a - 4*t. What are the prime factors of a?
5
Let b(k) = 3*k**3 - 16*k**2 + 14*k + 1. Let g(i) = 3*i**2 + 25*i - 12. Let a be g(-9). What are the prime factors of b(a)?
157
Let p(c) = c**3 - 7*c**2 + 2*c - 5. Let y be p(5). Let m = -13 - y. What are the prime factors of m?
2
Let a(p) = p**3 + 7*p**2 + 4*p - 7. Let i be a(-6). Suppose 3*d = -2*x + 50 + 16, 5*x - 175 = -i*d. What are the prime factors of x?
3, 13
Suppose -5*d = -2*m - 3*m - 7075, 0 = -4*d - 2*m + 5690. List the prime factors of d.
2, 5, 71
Suppose 3*v = 2*v - 3*y + 1611, 1646 = v - 4*y. List the prime factors of v.
2, 3, 271
Suppose 0 = 3*y - 558 - 57. Let v = -118 + y. What are the prime factors of v?
3, 29
Let y(f) = -3*f**3 + 5*f**2 + 21*f + 44. What are the prime factors of y(-6)?
2, 373
Let s(n) = -n**3 + 